{"version":"1.0","provider_name":"Teatinos","provider_url":"https:\/\/teatinos.org\/fr\/","title":"Semaine Sainte \u00e0 Zongolica (Veracruz, Mexique) - Teatinos","type":"rich","width":600,"height":338,"html":"<blockquote class=\"wp-embedded-content\" data-secret=\"ob8FxJBum2\"><a href=\"https:\/\/teatinos.org\/fr\/semana-santa-en-zongolica-veracruz-mexico\/\">Semaine Sainte \u00e0 Zongolica (Veracruz, Mexique)<\/a><\/blockquote><iframe sandbox=\"allow-scripts\" security=\"restricted\" src=\"https:\/\/teatinos.org\/fr\/semana-santa-en-zongolica-veracruz-mexico\/embed\/#?secret=ob8FxJBum2\" width=\"600\" height=\"338\" title=\"\u00ab\u00a0Semaine Sainte \u00e0 Zongolica (Veracruz, Mexique)\u00a0\u00bb &#8212; Teatinos\" data-secret=\"ob8FxJBum2\" frameborder=\"0\" marginwidth=\"0\" marginheight=\"0\" scrolling=\"no\" class=\"wp-embedded-content\"><\/iframe><script type=\"text\/javascript\">\n\/* <![CDATA[ *\/\n\/*! This file is auto-generated *\/\n!function(d,l){\"use strict\";l.querySelector&&d.addEventListener&&\"undefined\"!=typeof URL&&(d.wp=d.wp||{},d.wp.receiveEmbedMessage||(d.wp.receiveEmbedMessage=function(e){var t=e.data;if((t||t.secret||t.message||t.value)&&!\/[^a-zA-Z0-9]\/.test(t.secret)){for(var s,r,n,a=l.querySelectorAll('iframe[data-secret=\"'+t.secret+'\"]'),o=l.querySelectorAll('blockquote[data-secret=\"'+t.secret+'\"]'),c=new RegExp(\"^https?:$\",\"i\"),i=0;i<o.length;i++)o[i].style.display=\"none\";for(i=0;i<a.length;i++)s=a[i],e.source===s.contentWindow&&(s.removeAttribute(\"style\"),\"height\"===t.message?(1e3<(r=parseInt(t.value,10))?r=1e3:~~r<200&&(r=200),s.height=r):\"link\"===t.message&&(r=new URL(s.getAttribute(\"src\")),n=new URL(t.value),c.test(n.protocol))&&n.host===r.host&&l.activeElement===s&&(d.top.location.href=t.value))}},d.addEventListener(\"message\",d.wp.receiveEmbedMessage,!1),l.addEventListener(\"DOMContentLoaded\",function(){for(var e,t,s=l.querySelectorAll(\"iframe.wp-embedded-content\"),r=0;r<s.length;r++)(t=(e=s[r]).getAttribute(\"data-secret\"))||(t=Math.random().toString(36).substring(2,12),e.src+=\"#?secret=\"+t,e.setAttribute(\"data-secret\",t)),e.contentWindow.postMessage({message:\"ready\",secret:t},\"*\")},!1)))}(window,document);\n\/* ]]> *\/\n<\/script>\n","thumbnail_url":"https:\/\/teatinos.org\/wp-content\/uploads\/2023\/08\/Placa-Padre-General-FRA-2023.png","thumbnail_width":1080,"thumbnail_height":1080,"description":"Au cours de la derni\u00e8re Semaine Sainte, le R.P. Salvador Rodea Gonz\u00e1lez, C.R., a particip\u00e9 avec le P. Joan Roberto Reyes Austria, C.R., de la province mexicaine de Teatina, aux activit\u00e9s et festivit\u00e9s locales dans les Sierras de Zongolica (Veracruz, Mexique), une municipalit\u00e9 o\u00f9 la langue, les rites et les\u2026"}

Semaine Sainte à Zongolica (Veracruz, Mexique) - Teatinos

<blockquote class="wp-embedded-content" data-secret="ob8FxJBum2"><a href="https://teatinos.org/fr/semana-santa-en-zongolica-veracruz-mexico/">Semaine Sainte à Zongolica (Veracruz, Mexique)</a></blockquote><iframe sandbox="allow-scripts" security="restricted" src="https://teatinos.org/fr/semana-santa-en-zongolica-veracruz-mexico/embed/#?secret=ob8FxJBum2" width="600" height="338" title="« Semaine Sainte à Zongolica (Veracruz, Mexique) » &#8212; Teatinos" data-secret="ob8FxJBum2" frameborder="0" marginwidth="0" marginheight="0" scrolling="no" class="wp-embedded-content"></iframe><script type="text/javascript">
/* <![CDATA[ */
/*! This file is auto-generated */
!function(d,l){"use strict";l.querySelector&&d.addEventListener&&"undefined"!=typeof URL&&(d.wp=d.wp||{},d.wp.receiveEmbedMessage||(d.wp.receiveEmbedMessage=function(e){var t=e.data;if((t||t.secret||t.message||t.value)&&!/[^a-zA-Z0-9]/.test(t.secret)){for(var s,r,n,a=l.querySelectorAll('iframe[data-secret="'+t.secret+'"]'),o=l.querySelectorAll('blockquote[data-secret="'+t.secret+'"]'),c=new RegExp("^https?:$","i"),i=0;i<o.length;i++)o[i].style.display="none";for(i=0;i<a.length;i++)s=a[i],e.source===s.contentWindow&&(s.removeAttribute("style"),"height"===t.message?(1e3<(r=parseInt(t.value,10))?r=1e3:~~r<200&&(r=200),s.height=r):"link"===t.message&&(r=new URL(s.getAttribute("src")),n=new URL(t.value),c.test(n.protocol))&&n.host===r.host&&l.activeElement===s&&(d.top.location.href=t.value))}},d.addEventListener("message",d.wp.receiveEmbedMessage,!1),l.addEventListener("DOMContentLoaded",function(){for(var e,t,s=l.querySelectorAll("iframe.wp-embedded-content"),r=0;r<s.length;r++)(t=(e=s[r]).getAttribute("data-secret"))||(t=Math.random().toString(36).substring(2,12),e.src+="#?secret="+t,e.setAttribute("data-secret",t)),e.contentWindow.postMessage({message:"ready",secret:t},"*")},!1)))}(window,document);
/* ]]> */
</script>

Au cours de la dernière Semaine Sainte, le R.P. Salvador Rodea González, C.R., a participé avec le P. Joan Roberto Reyes Austria, C.R., de la province mexicaine de Teatina, aux activités et festivités locales dans les Sierras de Zongolica (Veracruz, Mexique), une municipalité où la langue, les rites et les…
