{"version":"1.0","provider_name":"Teatinos","provider_url":"https:\/\/teatinos.org\/en\/","title":"Interview by Vatican News with Dom Gorg\u00f4nio - Teatinos","type":"rich","width":600,"height":338,"html":"<blockquote class=\"wp-embedded-content\" data-secret=\"Qlu81JMfkz\"><a href=\"https:\/\/teatinos.org\/en\/entrevista-de-vatican-news-a-dom-gorgonio\/\">Interview by Vatican News with Dom Gorg\u00f4nio<\/a><\/blockquote><iframe sandbox=\"allow-scripts\" security=\"restricted\" src=\"https:\/\/teatinos.org\/en\/entrevista-de-vatican-news-a-dom-gorgonio\/embed\/#?secret=Qlu81JMfkz\" width=\"600\" height=\"338\" title=\"&#8220;Interview by Vatican News with Dom Gorg\u00f4nio&#8221; &#8212; Teatinos\" data-secret=\"Qlu81JMfkz\" frameborder=\"0\" marginwidth=\"0\" marginheight=\"0\" scrolling=\"no\" class=\"wp-embedded-content\"><\/iframe><script type=\"text\/javascript\">\n\/* <![CDATA[ *\/\n\/*! This file is auto-generated *\/\n!function(d,l){\"use strict\";l.querySelector&&d.addEventListener&&\"undefined\"!=typeof URL&&(d.wp=d.wp||{},d.wp.receiveEmbedMessage||(d.wp.receiveEmbedMessage=function(e){var t=e.data;if((t||t.secret||t.message||t.value)&&!\/[^a-zA-Z0-9]\/.test(t.secret)){for(var s,r,n,a=l.querySelectorAll('iframe[data-secret=\"'+t.secret+'\"]'),o=l.querySelectorAll('blockquote[data-secret=\"'+t.secret+'\"]'),c=new RegExp(\"^https?:$\",\"i\"),i=0;i<o.length;i++)o[i].style.display=\"none\";for(i=0;i<a.length;i++)s=a[i],e.source===s.contentWindow&&(s.removeAttribute(\"style\"),\"height\"===t.message?(1e3<(r=parseInt(t.value,10))?r=1e3:~~r<200&&(r=200),s.height=r):\"link\"===t.message&&(r=new URL(s.getAttribute(\"src\")),n=new URL(t.value),c.test(n.protocol))&&n.host===r.host&&l.activeElement===s&&(d.top.location.href=t.value))}},d.addEventListener(\"message\",d.wp.receiveEmbedMessage,!1),l.addEventListener(\"DOMContentLoaded\",function(){for(var e,t,s=l.querySelectorAll(\"iframe.wp-embedded-content\"),r=0;r<s.length;r++)(t=(e=s[r]).getAttribute(\"data-secret\"))||(t=Math.random().toString(36).substring(2,12),e.src+=\"#?secret=\"+t,e.setAttribute(\"data-secret\",t)),e.contentWindow.postMessage({message:\"ready\",secret:t},\"*\")},!1)))}(window,document);\n\/* ]]> *\/\n<\/script>\n","thumbnail_url":"https:\/\/teatinos.org\/wp-content\/uploads\/2024\/09\/Marco-500-anos-1-4.png","thumbnail_width":1080,"thumbnail_height":1080,"description":"On September 14th, in St. Peter&#8217;s Basilica, a historic celebration took place in honor of the 500th anniversary of the Order of Clerics Regular Theatines, presided over by Pope Francis. Among the attendees was Dom Gorg\u00f4nio Alves da Encarna\u00e7\u00e3o Neto, bishop of Itapetininga and the only bishop of the Teatine&hellip;"}

Interview by Vatican News with Dom Gorgônio - Teatinos

<blockquote class="wp-embedded-content" data-secret="Qlu81JMfkz"><a href="https://teatinos.org/en/entrevista-de-vatican-news-a-dom-gorgonio/">Interview by Vatican News with Dom Gorgônio</a></blockquote><iframe sandbox="allow-scripts" security="restricted" src="https://teatinos.org/en/entrevista-de-vatican-news-a-dom-gorgonio/embed/#?secret=Qlu81JMfkz" width="600" height="338" title="&#8220;Interview by Vatican News with Dom Gorgônio&#8221; &#8212; Teatinos" data-secret="Qlu81JMfkz" frameborder="0" marginwidth="0" marginheight="0" scrolling="no" class="wp-embedded-content"></iframe><script type="text/javascript">
/* <![CDATA[ */
/*! This file is auto-generated */
!function(d,l){"use strict";l.querySelector&&d.addEventListener&&"undefined"!=typeof URL&&(d.wp=d.wp||{},d.wp.receiveEmbedMessage||(d.wp.receiveEmbedMessage=function(e){var t=e.data;if((t||t.secret||t.message||t.value)&&!/[^a-zA-Z0-9]/.test(t.secret)){for(var s,r,n,a=l.querySelectorAll('iframe[data-secret="'+t.secret+'"]'),o=l.querySelectorAll('blockquote[data-secret="'+t.secret+'"]'),c=new RegExp("^https?:$","i"),i=0;i<o.length;i++)o[i].style.display="none";for(i=0;i<a.length;i++)s=a[i],e.source===s.contentWindow&&(s.removeAttribute("style"),"height"===t.message?(1e3<(r=parseInt(t.value,10))?r=1e3:~~r<200&&(r=200),s.height=r):"link"===t.message&&(r=new URL(s.getAttribute("src")),n=new URL(t.value),c.test(n.protocol))&&n.host===r.host&&l.activeElement===s&&(d.top.location.href=t.value))}},d.addEventListener("message",d.wp.receiveEmbedMessage,!1),l.addEventListener("DOMContentLoaded",function(){for(var e,t,s=l.querySelectorAll("iframe.wp-embedded-content"),r=0;r<s.length;r++)(t=(e=s[r]).getAttribute("data-secret"))||(t=Math.random().toString(36).substring(2,12),e.src+="#?secret="+t,e.setAttribute("data-secret",t)),e.contentWindow.postMessage({message:"ready",secret:t},"*")},!1)))}(window,document);
/* ]]> */
</script>

On September 14th, in St. Peter&#8217;s Basilica, a historic celebration took place in honor of the 500th anniversary of the Order of Clerics Regular Theatines, presided over by Pope Francis. Among the attendees was Dom Gorgônio Alves da Encarnação Neto, bishop of Itapetininga and the only bishop of the Teatine&hellip;
